 - 73)). What is the highest common divisor of 110 and c?
10
Let z(n) = -n**2 + 73*n - 91. Let b be z(70). What is the greatest common divisor of b and 1309?
119
Let l be (-4)/12 + (299552/12)/8. Suppose 18*v + l = 33*v. What is the greatest common divisor of v and 8?
8
Let j be (-10)/2 + (-1 - -3)/2. Let s be j/30 + (-539)/(-105) + 3. What is the greatest common divisor of 32 and s?
8
Let f(s) = -259*s + 38. Let a(j) = 775*j - 112. Let p(q) = -3*a(q) - 8*f(q). Let t be p(-1). What is the greatest common divisor of t and 114?
57
Let d(r) = 6*r**3 - 5*r + 4. Suppose 2 - 3 = -l. Let u be d(l). Let f = 65 - 30. What is the greatest common divisor of f and u?
5
Let d(r) = r**2 + 57*r + 1399. Let l be d(-46). Calculate the greatest common factor of l and 38.
19
Let d = 87 + -36. Let b(y) = 2*y**3 + 13*y**2 - 5*y - 32. Let j be b(-6). What is the highest common factor of j and d?
17
Suppose 0 = 16*c - 7*c - 1125. Suppose 6*d + 0*n = n + c, d - 3*n - 35 = 0. Let l be 32/(-6)*3/(-2). Calculate the greatest common divisor of d and l.
4
Suppose w - 2295 = -2*f, -452 = -5*w + f + 11056. Calculate the highest common divisor of 236 and w.
59
Suppose 42 = 17*b - 26. Let j be 14/3 + b*1/(-6). What is the highest common factor of 8 and j?
4
Suppose 82*n - 9573 = 81*n + 2*g, -4*n - 2*g = -38342. What is the greatest common divisor of 74 and n?
37
Suppose 69*q + 35*q - 3124 = 33*q. What is the greatest common divisor of 385 and q?
11
Let h(k) = 3*k**2 + 5*k + 4. Let o be h(-4). Suppose 0 = 3*f - 221*z + 225*z - 732, -3*f = -z - 777. What is the highest common divisor of f and o?
32
Suppose a - 4*g = -29 + 337, -2*a + 625 = g. Calculate the highest common factor of a and 1144.
104
Suppose 10*x - 72 = -8*x. Suppose -5*y + 2217 = -x*s + 86, 407 = y + 4*s. What is the greatest common divisor of y and 47?
47
Suppose 3*q - 2*p = q + 170, 10*q + p - 949 = 0. What is the greatest common factor of q and 19458?
94
Suppose j - 40 = -0*j. Suppose 24*o + j = 29*o. Suppose -o*v = 4*v - 120. What is the greatest common divisor of 20 and v?
10
Let u = 44 + -9. Suppose 0 = 4*s + 2*y - 3366, -5*s + 2*y = -0*y - 4203. Suppose 6*g - 209 = s. Calculate the greatest common divisor of g and u.
35
Suppose 3686 - 3046 = 2*p. What is the greatest common factor of 2640 and p?
80
Let o be (-1 - (-49)/3)*54/36. Suppose o*u - 18 = 17*u. Let n = -6 + 18. What is the greatest common divisor of n and u?
3
Suppose 0 = -w + 3*j + 3715, -11*w + 4*j = -6*w - 18608. What is the greatest common factor of 152 and w?
76
Let t = -309 - -358. Suppose 2*n = -4*p + 3*p + 54, 5*p + t = n. Calculate the greatest common divisor of 203 and n.
29
Let t = -11 - -5. Let y(a) = -34 + 4 + 16 + 4*a + 2 + 38*a**3 + 8*a**2 - 37*a**3. Let h be y(t). What is the greatest common factor of h and 24?
12
Suppose q = -114*q + 2530. Calculate the greatest common divisor of q and 209.
11
Let r = 29850 - 24073. What is the highest common factor of r and 545?
109
Let c(q) = -2*q**2 - 39*q + 24. Let b be c(-19). Suppose -45 = b*x - 48*x. Calculate the highest common factor of 15 and x.
3
Suppose 2*s - 17 + 3 = -3*d, -3*d - s + 13 = 0. Suppose 0 = -d*j + c + 21, c - 2*c - 5 = 0. Calculate the greatest common divisor of j and 11.
1
Let j = 157 + -21. Suppose -4*h - 4*i = -j, 0 = -3*h - 4*i + 33 + 73. What is the highest common divisor of 270 and h?
30
Let p = -8102 - -19342. What is the greatest common factor of p and 80?
40
Let s be 0*4/8*(-2)/1. Suppose 2*k - v - 20 = -5*v, s = 5*k - 2*v - 38. Let g be 3410/33 - (k/(-6))/2. What is the highest common factor of g and 13?
13
Suppose 0 = 3*w - 7 - 17. Suppose -5*r - 2*i = w - 38, 3*r = 3*i + 18. Suppose 0 = 15*s - r*s - 1440. What is the highest common factor of s and 32?
32
Suppose 270*g = 275*g + h - 128, 2*g - 44 = -4*h. What is the greatest common factor of 2119 and g?
13
Let d = -24485 - -34906. What is the greatest common divisor of 17 and d?
17
Suppose 0 = -7*s + 4*s + 3*x + 23244, -s - 3*x = -7760. Calculate the greatest common divisor of s and 23.
23
Let n = -18569 + 18641. What is the highest common factor of 6516 and n?
36
Let u be 12 - (-544)/(-2 - -18). Calculate the greatest common factor of u and 1127.
23
Let b(x) be the first derivative of -3*x**2/2 - 11*x - 9. Let d be b(5). Let p = d - -31. Calculate the highest common divisor of 5 and p.
5
Let i = 399 + -351. Suppose -2*d + 5*o + 34 = -48, i = d + o. What is the greatest common divisor of d and 46?
46
Suppose -55*m + 50*m + 40 = 0. Let b be m/5 - (-14)/35. Suppose 87 - 21 = b*w. What is the greatest common divisor of 297 and w?
33
Suppose g - 462 + 183 = -5*m, -2*m - 1152 = -5*g. What is the greatest common divisor of g and 1350?
18
Let f be 212/6*(-39 - -36). Let s = -101 - f. What is the greatest common factor of 15 and s?
5
Let x be 66/14 - 16/(-56). Let n = 8 - x. Suppose 0*b + n*b - 6 = 0. What is the highest common divisor of b and 14?
2
Let q = 17815 - 12568. What is the highest common divisor of q and 53?
53
Suppose 19*r - 986 = 53*r. Let v(g) = -g + 22. Let k be v(r). Calculate the highest common divisor of k and 17.
17
Suppose -2*p - 8 = -46. Suppose q - 5*b + 2*b - 14 = 0, -q = 2*b - p. Suppose 59*x - 544 = 55*x. Calculate the highest common divisor of x and q.
17
Let z(p) = 105*p - 5973. Let a be z(75). What is the greatest common factor of a and 12?
6
Suppose 0 = 26*i - 102 + 24. Suppose -g = i*h - 1153, -5*h - 3722 = -4*g + 907. Calculate the highest common divisor of g and 68.
68
Let w = 316 + -188. Suppose -w + 154 = 2*b. Calculate the greatest common divisor of b and 169.
13
Suppose -52 = -5*w + 3*w. Suppose 15602*s + 12857 = 15645*s. Calculate the highest common divisor of w and s.
13
Suppose 0 = -12*t + 469 + 251. Suppose 0 = -5*g - 2*y + 834 - 336, -99 = -g - y. What is the greatest common divisor of t and g?
20
Let n be (-13398)/(-1015)*((-122)/(-4) - -2). What is the greatest common divisor of 117 and n?
39
Let a(y) = 44*y**2 + 168*y - 4. Let m be a(-4). Suppose 7 + 14 = q. What is the greatest common divisor of q and m?
7
Suppose 5184*w - 5181*w - 51 = 0. What is the highest common factor of 51153 and w?
17
Let u be (-2)/7 - (-9)/7. Let n(x) = -1008*x + 10084. Let y be n(10). Calculate the greatest common factor of u and y.
1
Let f(y) = 7*y + 54. Let u be f(-6). Let l be ((-20)/6)/(76/u - 7). Suppose j = -l*j + 36. Calculate the greatest common divisor of 15 and j.
3
Let v be (-6)/(4 - 3 - 3). Suppose 2*w = 5*p - 373, 4*p - 5*w + 0*w - 295 = 0. Calculate the highest common factor of p and v.
3
Let m be (-22440)/(-70) + 164/(-287). Calculate the highest common factor of m and 15.
5
Let q(l) = 158*l - 32. Let v(n) = n + 2. Let s(d) = -q(d) - 3*v(d). Let g be s(-1). Calculate the highest common divisor of 17 and g.
17
Let n = -2735 - -2769. What is the highest common divisor of n and 527?
17
Let l(z) = -z**3 + 45*z**2 + 164*z - 151. Let f be l(26). What is the greatest common factor of f and 31?
31
Let q = -164 - -164. Suppose 2*p - 271 - 93 = q. What is the highest common factor of p and 14?
14
Let y be (-806)/(-18) - 3/(27/(-2)). Suppose -86 = -3*p - 2*i, -4*p + 0*p = 2*i - 116. Calculate the greatest common divisor of p and y.
15
Suppose h = b + 60, -14*h - 60 = -15*h - b. Let g be (6/3)/(2/320). What is the highest common factor of g and h?
20
Let n(l) = l**3 - 10*l**2 + 52*l - 737. Let u be n(21). What is the greatest common divisor of 38 and u?
38
Suppose -298480 = -64*i + 38*i. Calculate the highest common factor of 168 and i.
56
Let k(j) = -4*j**2 + 43*j - 84. Let t be k(7). Calculate the highest common divisor of t and 12117.
21
Let r(z) = -31*z - 25 + 0*z**2 - 2*z**2 + 3*z**2 + 35*z - 11. Let v be r(-10). What is the highest common factor of v and 40?
8
Suppose 2*n = 6*n - 120. Suppose -5*y = -i - 237, -y + n + 15 = -i. What is the highest common factor of 42 and y?
6
Suppose x + 3*x = -5*v - 2, -v = x. Suppose -x*m + 601 = -695. What is the highest common divisor of 8 and m?
8
Suppose 103 + 1247 = 31*q - 76. Suppose -2*x - 5 + 17 = 0. Suppose -x*r + 92 = -2*r. What is the highest common factor of r and q?
23
Let g = -1796 - -1880. Calculate the greatest common factor of 1869 and g.
21
Suppose 55032 = 416*t - 222*t - 4138. Calculate the greatest common factor of 3 and t.
1
Let o